NOAA Reports/Αναφορές NOAA

Select a Year or Month report
2018 > Jan Feb Mar Apr May Jun Jul Aug Sep Oct Nov Dec
2017 > Jan Feb Mar Apr May Jun Jul Aug Sep Oct Nov Dec
2016 > Jan Feb Mar Apr May Jun Jul Aug Sep Oct Nov Dec

Report for 2018 01
                   MONTHLY CLIMATOLOGICAL SUMMARY for JAN. 2018

NAME: anovianos   CITY: Ano Vianno   STATE: Greece 
ELEV:   545 m  LAT:  35 20' 00" N  LONG:  24 10' 00" E

                   TEMPERATURE (C), RAIN  (mm), WIND SPEED (km/hr)

                                      HEAT  COOL        AVG
    MEAN                              DEG   DEG         WIND                 DOM
DAY TEMP  HIGH   TIME   LOW    TIME   DAYS  DAYS  RAIN  SPEED HIGH   TIME    DIR
------------------------------------------------------------------------------------
 1  12.0  18.2   14:20   8.6    4:10   6.3   0.0   0.0   6.8  46.7    5:00    NE
 2  12.2  14.7   13:20   8.8    0:20   6.2   0.0   0.0   9.7  40.2   19:20    NW
 3  10.0  12.2   12:20   8.7   13:20   8.3   0.0   4.8   6.4  37.0   17:40    NW
 4   9.7  14.6   15:40   7.1   23:10   8.7   0.0  12.0  13.8 109.4   22:50    NW
 5  10.9  14.6   16:00   7.6    0:50   7.4   0.0   4.2  13.7 115.9    1:00    NE
 6  11.9  17.5   13:00   8.2    2:10   6.3   0.0   0.0   2.7  20.9   13:20    NE
 7  12.2  16.5   13:00   9.1    0:10   6.1   0.0   0.0   3.5  14.5   13:10    NE
 8  11.4  16.3   15:40   8.7    6:00   6.9   0.0   0.0   2.1  12.9   11:40    NE
 9  11.4  16.6   14:30   8.5   23:10   6.9   0.0   0.0   1.3  12.9   13:20    NE
10  11.4  13.9   14:40   8.6    7:20   6.8   0.0   0.0   5.1  35.4   13:30   ESE
11  12.2  15.1   12:00  10.8    7:50   6.1   0.0   1.4   5.0  29.0   20:30    NW
12  12.0  15.4   13:50   9.5    8:30   6.3   0.0   0.0   6.3  33.8    3:20    NW
13  10.4  12.6    6:20   8.1   23:10   7.9   0.0   5.4   4.2  54.7   11:00    NE
14   9.4  11.7   11:10   7.8   19:30   8.9   0.0   6.6  10.1  43.5   19:40    NE
15   9.6  13.1   14:00   7.4   23:00   8.7   0.0   0.0   7.2  41.8    1:30    NE
16  10.8  13.8   13:50   7.9    3:10   7.5   0.0   0.0   8.4  40.2   13:30    NW
17  11.3  12.7    9:50   8.7    2:50   7.0   0.0   0.0  13.5  59.5   16:50    NW
18   9.6  12.6    1:20   5.3   14:40   8.8   0.0   2.8  25.7 122.3   18:40    NW
19   9.9  16.1   15:20   6.7    4:40   8.4   0.0   0.0   8.9  70.8    0:30    NE
20  11.1  13.7   11:30   7.7    3:10   7.2   0.0   0.0   5.3  32.2    1:40    NE
21  11.7  13.2   15:00  10.1   22:20   6.6   0.0   3.6  10.9  49.9   16:00   ESE
22   9.7  12.3   11:20   6.9   17:50   8.5   0.0   6.0  14.6  64.4   16:10    NW
23
24
25
26
27
28
29
30
31
-------------------------------------------------------------------------------------
    10.9  18.2     1     5.3    18   161.8   0.0  46.8   8.4 122.3    18      NE

Max >=  32.0:  0
Max <=   0.0:  0
Min <=   0.0:  0
Min <= -18.0:  0
Max Rain: 11.99 ON 04/01/18
Days of Rain: 9 (> .2 mm) 8 (> 2 mm) 0 (> 20 mm)
Heat Base:  18.3  Cool Base:  18.3  Method: Integration