NOAA Reports/Αναφορές NOAA

Select a Year or Month report
2017 > Jan Feb Mar Apr May Jun Jul Aug Sep Oct Nov Dec
2016 > Jan Feb Mar Apr May Jun Jul Aug Sep Oct Nov Dec

Report for 2017 09
                   MONTHLY CLIMATOLOGICAL SUMMARY for SEP. 2017

NAME: anovianos   CITY: Ano Vianno   STATE: Greece 
ELEV:   545 m  LAT:  35 20' 00" N  LONG:  24 10' 00" E

                   TEMPERATURE (C), RAIN  (mm), WIND SPEED (km/hr)

                                      HEAT  COOL        AVG
    MEAN                              DEG   DEG         WIND                 DOM
DAY TEMP  HIGH   TIME   LOW    TIME   DAYS  DAYS  RAIN  SPEED HIGH   TIME    DIR
------------------------------------------------------------------------------------
 1  25.1  29.3   13:50  21.9   23:10   0.0   6.8   0.0  12.6  45.1    6:20    NE
 2  25.9  30.3   15:20  20.3    5:10   0.0   7.7   0.0   7.1  38.6    7:40    NE
 3  28.7  33.3   15:20  21.9    4:30   0.0  10.4   0.0   6.0  33.8    6:30    NE
 4  28.2  31.9   14:40  22.2   00:00   0.0   9.9   0.0   3.4  24.1    0:20    NE
 5  24.2  28.4   15:00  19.9    3:00   0.0   5.9   0.0   3.9  22.5   23:40    NE
 6  22.8  25.7   16:20  20.7   20:00   0.0   4.5   0.0   9.2  48.3   16:30    NE
 7  22.8  27.1   13:50  18.7   00:00   0.0   4.5   0.0   6.8  41.8    5:40   ENE
 8  21.8  26.6   14:20  17.1    6:00   0.1   3.7   0.0   2.9  19.3   13:00   ENE
 9  24.3  29.4   14:20  19.8    4:10   0.0   6.0   0.0   2.9  17.7   12:40    NE
10  28.7  33.8   13:00  23.5    0:10   0.0  10.4   0.0   4.3  29.0   14:50    NE
11  29.3  33.9   12:20  24.6    7:00   0.0  11.0   0.0   3.7  22.5   11:40    NE
12  27.0  33.3   13:30  19.9   23:20   0.0   8.7   0.0   5.1  32.2   18:20    NE
13  23.4  29.3   17:10  18.2    8:00   0.0   5.1   0.2   4.2  38.6   14:30   ENE
14  25.8  30.0   14:10  20.2    4:10   0.0   7.5   0.0   6.8  41.8   17:30    NE
15  26.0  30.6   14:40  22.9    5:20   0.0   7.7   0.0   7.9  38.6   12:50    NE
16  25.4  30.8   17:00  20.3    5:20   0.0   7.1   0.0   5.6  33.8   13:10   ENE
17  25.8  32.6   15:30  20.7    8:00   0.0   7.5   0.0   4.7  35.4   15:00    NE
18  30.8  36.9   12:30  23.7    2:10   0.0  12.5   0.0   7.1  38.6    6:50    NE
19  31.2  36.3   14:10  25.3   23:40   0.0  12.9   0.0   6.9  35.4   12:40    NE
20  29.2  34.7   12:30  24.4    6:10   0.0  10.8   0.0   5.1  35.4   12:50   WNW
21  23.6  26.9    4:00  19.6   22:50   0.0   5.3   0.0   8.4  40.2    2:30    NW
22  20.4  24.6   14:00  17.8    5:10   0.1   2.2   0.0   8.4  43.5   17:40    NE
23  20.2  23.9   15:20  17.1    6:20   0.1   2.0   0.0   5.0  32.2   23:00    NE
24  20.8  24.8   14:40  16.9    2:40   0.1   2.2   0.0   6.4  35.4    6:20   ENE
25
26
27
28
29
30
-------------------------------------------------------------------------------------
    25.5  36.9    18    16.9    24     0.4 172.1   0.2   6.0  48.3     6      NE

Max >=  32.0:  8
Max <=   0.0:  0
Min <=   0.0:  0
Min <= -18.0:  0
Max Rain: 0.20 ON 13/09/17
Days of Rain: 1 (> .2 mm) 0 (> 2 mm) 0 (> 20 mm)
Heat Base:  18.3  Cool Base:  18.3  Method: Integration