NOAA Reports/Αναφορές NOAA

Select a Year or Month report

Report for 2017 11
                   MONTHLY CLIMATOLOGICAL SUMMARY for NOV. 2017

NAME: anovianos   CITY: Ano Vianno   STATE: Greece 
ELEV:   545 m  LAT:  35 20' 00" N  LONG:  24 10' 00" E

                   TEMPERATURE (C), RAIN  (mm), WIND SPEED (km/hr)

                                      HEAT  COOL        AVG
    MEAN                              DEG   DEG         WIND                 DOM
DAY TEMP  HIGH   TIME   LOW    TIME   DAYS  DAYS  RAIN  SPEED HIGH   TIME    DIR
------------------------------------------------------------------------------------
 1  14.7  18.3   14:20  12.6    1:40   3.6   0.0   0.0   7.1  35.4    9:20    NE
 2  13.4  17.5   13:50  10.3   22:10   4.9   0.0   0.0   9.0  43.5    3:30    NE
 3  14.8  18.1   13:50  12.3    4:30   3.5   0.0   0.0   5.3  32.2    1:00    NE
 4  14.8  17.6   13:40  12.6   00:00   3.5   0.0   2.8   6.9  35.4   14:00    NE
 5  13.9  16.0   13:30  12.6    0:10   4.4   0.0   0.0  10.8  45.1   14:00    NE
 6  14.1  18.2   13:40  11.3   22:30   4.2   0.0   0.0   6.9  32.2    2:00    NE
 7  14.4  18.3   13:20  11.2    5:20   3.9   0.0   0.0   3.7  16.1   14:10    NE
 8  15.8  20.6   15:50  11.4    6:50   2.8   0.4   0.0   2.9  16.1   14:40    NE
 9  16.3  20.4   12:50  13.3    4:10   2.3   0.2   0.0   2.6  20.9   11:10   ENE
10  15.6  19.7   12:40  13.1   21:00   2.8   0.1   0.0   4.7  29.0   11:10    NE
11  15.0  18.8   12:30  12.2    7:10   3.3   0.0   0.0   4.2  19.3   13:20    NE
12  15.3  17.1   12:30  13.6    0:30   3.0   0.0   0.0   7.1  40.2   22:50   ESE
13  14.9  17.1   13:30  12.3   21:20   3.4   0.0   2.0   8.5  45.1    1:50   ESE
14  15.4  19.1   13:00  11.7    2:00   2.9   0.0   0.0   3.5  17.7    0:40    NE
15  16.9  20.1   13:40  15.4   19:40   1.5   0.2   0.0   4.7  27.4    9:50   ESE
16  16.5  20.2   12:20  12.9    6:10   2.0   0.2   0.0   4.2  25.7   22:00   ENE
17  16.0  18.7   16:10  13.0   19:50   2.3   0.0   1.0   5.1  32.2   10:00   ESE
18  14.4  18.2   13:30  12.7   19:30   3.9   0.0   0.4   3.7  25.7   00:00    NE
19  14.4  17.4   11:40  12.3    7:00   3.9   0.0   0.0   6.9  40.2   14:30    NW
20  13.7  14.2    0:10  13.4    0:50   0.4   0.0   0.0   4.7  17.7    1:00    NW
21
22
23
24
25
26
27
28
29
30
-------------------------------------------------------------------------------------
    15.0  20.6     8    10.3     2    62.6   1.2   6.2   5.6  45.1     5      NE

Max >=  32.0:  0
Max <=   0.0:  0
Min <=   0.0:  0
Min <= -18.0:  0
Max Rain: 2.79 ON 04/11/17
Days of Rain: 4 (> .2 mm) 2 (> 2 mm) 0 (> 20 mm)
Heat Base:  18.3  Cool Base:  18.3  Method: Integration